3 + (3 - 2) + 2. Let g be (-28)/35*(5 - d). Let t(a) be the first derivative of a**4/4 + a**3 - 2*a**2 - 5*a + 1. What is t(g)?
-5
Let g = -239 - -245. Let v(b) = -2*b + 8. Calculate v(g).
-4
Suppose -81*w + 451 = 127. Let d(s) be the second derivative of -2*s**3/3 + 3*s**2/2 + 3*s. Give d(w).
-13
Suppose -2*b = -q - 23, -q + 3*q + 55 = 5*b. Suppose -b*f = -4*f - 10. Suppose 0*c = -2*c + f. Let g(d) = -d + 1. What is g(c)?
0
Let b(g) be the second derivative of -g**5/20 + 2*g**4/3 + g**3/6 - 17*g**2/2 + g - 15. Calculate b(8).
-9
Suppose 12*p - 34 = 2. Let i(q) be the second derivative of 3*q + q**2 + 0 + 2/3*q**p + 1/12*q**4. Calculate i(-5).
7
Suppose i - 45 = -112. Let q = i - -71. Let x(y) = -2*y + 1. What is x(q)?
-7
Let v(u) = -u**3 - 12*u**2 + 13*u + 3. Let b(n) = 3*n**2 + 5*n. Let r be b(-4). Let z = 15 - r. Let q be v(z). Let x(p) = p**2 - 4*p + 3. Give x(q).
0
Let b(u) be the first derivative of -u**4/4 - 4*u**3/3 + 5*u**2/2 + 4*u - 10. Give b(-5).
4
Let x(g) = -g**2 - 24*g - 85. Let m be x(-20). Let n(d) = d**2 + 5*d + 2. Calculate n(m).
2
Let u(z) be the first derivative of z**2/2 - 2*z - 2. Let r be (-2759)/(-93) - 4/6. Suppose 0 = 3*l - 5*h - r, 3*l - 3*h = l + 18. Give u(l).
1
Let c(n) be the third derivative of -n**5/20 + n**4/8 - 17*n**2. What is c(2)?
-6
Let s = 493 + -499. Let x(u) = 2 + u - 4*u - 2 - u**2. What is x(s)?
-18
Let h = 162 - 158. Let w(r) = r**2 + 6*r - 2. What is w(h)?
38
Suppose -7*b + 8 = -y - 4*b, 0 = -y - 3*b + 10. Let i(f) = 12*f - 1. Give i(y).
11
Suppose -44*t + 63*t + 133 = 0. Let j(i) = 2*i - 2. Determine j(t).
-16
Let c = 52 - 50. Let f(h) = 2 + 14*h**c - 6 + 5. Determine f(1).
15
Let m = -4 + -1. Let t(f) = -3*f**2 + f + 1. Suppose 4*o = 4, u = o - 3*o. Let l(n) = -n**2 + n. Let w(z) = u*t(z) + 5*l(z). What is w(m)?
8
Let v(h) = 4*h**2 - 3*h - 5*h**2 + h**3 - h**2 - 44 + 39. Determine v(4).
15
Let r(g) = g**3 - 7*g**2 + 9*g. Let d be ((-36)/48)/(2/(-96)). Suppose -10*q = -4*q - d. Calculate r(q).
18
Suppose 7*r - 10 = 2*r. Suppose -2*a = r*a - 16. Let q(m) = m**2 - 10*m - 2. Let t(l) = 3*l**2 - 29*l - 5. Let g(w) = 8*q(w) - 3*t(w). Determine g(a).
11
Let l = 20 + -13. Let p(c) = 9*c - 8. Let q(z) = z. Let d(n) = -4*n + 1. Let h(b) = 4*d(b) + 12*q(b). Let r(t) = l*h(t) + 3*p(t). Give r(-4).
8
Let o(d) = 4*d - 20. Let n be o(6). Let f = -6 + 14. Let c = n - f. Let l(s) = -s**2 - s + 3. Calculate l(c).
-9
Let i(a) = -16*a - a**3 + 9 - 19147*a**2 + a + 19161*a**2. Calculate i(13).
-17
Let b(r) = -r**3 + 9*r**2 - 6*r - 11. Let q(x) = 14*x**2 - 27*x + 4. Let k be q(2). What is b(k)?
61
Let u(k) = -118 + 79 - 14*k + 61. Determine u(2).
-6
Suppose 66*w - 330 = 81*w. Let k(y) = 3*y + 55. Calculate k(w).
-11
Let x(m) be the third derivative of -m**6/120 + m**5/30 + m**4/8 + m**2. Let r be 40/(2 - -3) + -5. Let o be x(r). Let h(c) = c**2 + 12. Determine h(o).
12
Let j(g) = -2*g**3 - 16*g**2 - 2*g - 6. Let p be j(-8). Let s be 1/3*(13 - p). Let i(a) = -12*a**2 + 3 - 2 + 0. What is i(s)?
-11
Let d(l) = l**2 - 11*l + 10. Let k(v) = -v**2 + 10*v - 11. Let q(o) = 4*d(o) + 3*k(o). Give q(13).
-6
Let d(u) = u**2 + 6*u + 5. Let l(f) = -f - 1. Let g(o) = d(o) + 5*l(o). Suppose 0 = 3*x + 5 - 14. Suppose 0 = -x*p + 2*p - 4. Give g(p).
12
Let c = 12 - 6. Let z(w) be the first derivative of 4*w**2 + 1/4*w**4 - w - 7/3*w**3 + 9. What is z(c)?
11
Let m = -979 + 996. Let n(p) = p**3 - 17*p**2 + p - 23. What is n(m)?
-6
Let x(f) be the first derivative of -3*f**2/2 + 12*f - 42. Let o be x(6). Let m(r) = r**2 + 5*r - 3. Determine m(o).
3
Let j(o) = -1. Let w(g) = 2*g**3 - 19*g**2 + 11*g - 6. Let b(y) = 5*j(y) - w(y). Calculate b(9).
-17
Let o(w) = -w**3 - w**2 - 2*w. Suppose -2*p = -2*y + 14, -6*p + 33 = 4*y - 11*p. Let x be -3 + y + -2 + 7. Suppose 6 = 5*t - 9, -x = -4*l - 4*t. What is o(l)?
8
Let j(l) = l**2 - 4*l - 7. Let t be j(5). Let b(c) = 49 - 29 + 30*c - 31*c - 22. Determine b(t).
0
Let z(v) be the third derivative of -1/6*v**3 + 0 + 1/120*v**6 + 1/30*v**5 + 11*v**2 - 1/24*v**4 + 0*v. Give z(-2).
1
Let u(i) = -i**3 + i**2 + i. Let o(f) = -4*f**3 + 4*f**2 + 7*f - 1. Let x be (-1*1/2)/((-5)/(-10)). Let z(w) = x*o(w) + 3*u(w). Determine z(3).
7
Let f be (5 + -3 + 6)/1. Let u(g) = -f + 0*g - g + 12. What is u(-5)?
9
Suppose -5*g - 4*w - 8 = 13, g + 21 = -5*w. Let l(m) be the second derivative of 5*m + 0 + 1/2*m**2 + 1/2*m**3. Calculate l(g).
-2
Let p(s) = -4*s. Let z(r) = 5*r. Let t(q) = -4*p(q) - 3*z(q). Let i(f) = 2*f. Suppose -2*y = -y + 5. Let n(g) = y*t(g) + 2*i(g). Calculate n(3).
-3
Suppose 3*t = -o - 3, 3*o - 5*t = 7 - 2. Let l(z) = o*z - z + 15 - 3. Determine l(9).
3
Let v(m) = -m**3 + 3*m**2 + 4*m + 2. Suppose 5*d - 4 = 11. Suppose d*z = q + 68, 11 = z - q + 3*q. Let i = z - 17. What is v(i)?
2
Suppose 2*m = -2*k - 18, 4*k - 2*m - 8 = -38. Let b = k - -10. Let u(w) = w**3 + b + 4*w**2 - 1 - 2 - 3*w - 2. Determine u(-2).
11
Let x be 2 - (2/(-1) - 0). Let o(d) be the third derivative of -d**5/60 + d**4/8 - d**3 - 4*d**2 + 29. Calculate o(x).
-10
Suppose -5*m + 3*l - 4 = -0, 0 = -2*m - 2*l + 8. Let r(y) = -2. Let x(k) = 13*k + 9. Let h(t) = -4*r(t) - x(t). Calculate h(m).
-14
Let j = -3 - -5. Let z = -27 - -30. Let d(p) = -2*p**2 - z*p**3 - 3*p + p**2 - 2 + 6*p + 4*p**3. Calculate d(j).
8
Let c(d) be the third derivative of -d**6/120 - 3*d**5/10 + 19*d**4/12 - 47*d**3/6 - 35*d**2. Determine c(-20).
-7
Let h(w) = w**2 + 8*w - 26. Let g be h(-10). Let t(v) = -v**2 - 10*v - 14. Give t(g).
10
Let q(m) = m**2 + 9*m + 5. Let t(d) = -2*d**2 - 9*d - 5. Let n = 29 + -31. Let b(i) = n*t(i) - 3*q(i). What is b(9)?
-5
Let m(o) = -o**3 + 6*o**2 - 3. Suppose -10*h - 49 = -3*h. Let c(w) = -w**3 + 4*w**2 - 2. Let z(b) = h*c(b) + 5*m(b). Determine z(-1).
-1
Let d(s) = -3*s + 5. Let p be (-64)/(-36) - (-2)/9. Determine d(p).
-1
Suppose 49*g = -8 + 204. Let h(i) = -i**3 + 5*i**2 - 5*i + 2. Give h(g).
-2
Let p be 4*1/((-2)/(-15)). Suppose -6*v + v = -h + 5, -5*v = -2*h + 10. Suppose -h*f = -5*u + p, f - u + 2*u = -6. Let m(x) = -x - 3. Give m(f).
3
Let s(a) be the third derivative of 1/60*a**5 + 0*a + 0 + 10*a**2 + 0*a**4 - 1/60*a**6 + 0*a**3. Determine s(-1).
3
Let n(q) be the third derivative of 13*q**4/24 - q**3/6 - 11*q**2 + 2*q. Give n(1).
12
Let u(l) be the second derivative of l**6/240 + l**5/30 + 7*l**4/3 + 35*l. Let m(o) be the third derivative of u(o). Calculate m(-5).
-11
Suppose 5*v = -4*g - 52, 3*g = -2*v - 2*v - 40. Let r(u) = 0*u**2 + 1 + 2*u**2 + 8*u - u**2. Let k be r(g). Let z(t) = -6*t + 1. Give z(k).
-5
Let n be (1 - -1)*10/4. Let q = -7 + n. Let b(k) be the second derivative of k**5/10 + k**4/6 - k**3/3 + 7*k + 15. What is b(q)?
-4
Let p(w) = 2*w + 132. Let t(q) = -q - 56. Let i(b) = 6*p(b) + 15*t(b). Calculate i(-16).
0
Let t(b) = -b - 1. Let z(n) = 11*n**2 - n - 2. Let r(w) = -t(w) + z(w). Let l(i) = -2*i**2 + i + 2. Let c be l(-1). Calculate r(c).
10
Suppose -3*n + 2*k = -2*k - 8, 52 = 5*n + 3*k. Let v(h) = 2*h**3 - 16*h**2 + 2. Give v(n).
2
Let o(y) be the first derivative of -y**4/4 - 5*y**3/3 - 5*y**2/2 - 14*y - 389. Determine o(-4).
-10
Let p(y) be the second derivative of y**4/12 - y**3/6 - y**2/2 - y. Suppose 13*v + 8 = 9*v. Give p(v).
5
Let d(q) be the second derivative of q**6/240 - q**5/120 - q**4/3 - 5*q. Let j(o) be the third derivative of d(o). Determine j(3).
8
Let d be (180/105)/((-94)/98 + 1). Suppose -17 + d = -5*x. Let p(s) be the third derivative of -s**4/12 + s**3/6 + s**2. What is p(x)?
11
Let k(z) be the second derivative of z**5/60 + z**4/6 - z**3 - 6*z. Let d(b) be the second derivative of k(b). Give d(5).
14
Let a(m) = m**2 - 13*m + 8. Let q(y) be the third derivative of -y**6/120 - y**5/10 - y**4/12 + 21*y**2. Let g be q(-6). Calculate a(g).
-4
Let l(b) be the first derivative of 3*b**2/2 + b + 1. Suppose 0 = 2*a - 3*g - 11, 2*a + 14 = 7*g - 9*g. Determine l(a).
-5
Let v(q) be the third derivative of -q**6/120 - q**4/24 - 11*q**3/3 + 239*q**2 + q. Calculate v(0).
-22
Let s(x) be the third derivative of x**5/60 + x**4/12 + x**3/2 + 12*x**2 + 2. Give s(-2).
3
Let x = 145 - 139. Let i be x*((-15)/10 - 0). Let j(v) = -v**2 - 7*v + 12. Calculate j(i).
-6
Let x be 1/((-12)/16 + (-50)/(-56)). Let c(d) = -d**2 + 10*d - 9. Give c(x).
12
Let a(f) be the third derivative of f**5/15 - f**4/8 - 